Does 6 divide 205921?
False
Is 208 a factor of 2684240?
True
Is 20546268 a multiple of 1564?
True
Is 921928 a multiple of 326?
True
Is 19 a factor of 223364?
True
Is 181508 a multiple of 4?
True
Is 132547 a multiple of 20?
False
Does 217 divide 391902?
True
Is 23088 a multiple of 26?
True
Is 27 a factor of 2582280?
True
Is 49848 a multiple of 24?
True
Is 14 a factor of 3142804?
True
Is 10 a factor of 1717137?
False
Is 43914 a multiple of 78?
True
Is 177679 a multiple of 103?
False
Does 27 divide 664990?
False
Is 11113420 a multiple of 26?
False
Does 6 divide 4390367?
False
Does 52 divide 98488?
True
Is 4083108 a multiple of 41?
True
Does 17 divide 5139474?
True
Is 736 a factor of 1002432?
True
Does 657 divide 2310613?
False
Does 58 divide 1597406?
False
Is 629306 a multiple of 17?
True
Is 44 a factor of 520013?
False
Is 1248 a factor of 3980928?
False
Does 19 divide 222930?
False
Does 368 divide 299686?
False
Is 56 a factor of 2342588?
False
Is 226 a factor of 1485478?
False
Is 3405547 a multiple of 465?
False
Is 464 a factor of 90944?
True
Does 7 divide 198989?
True
Does 31 divide 11837381?
True
Is 80147 a multiple of 139?
False
Does 354 divide 422822?
False
Is 82 a factor of 2393358?
False
Is 77 a factor of 22099?
True
Does 27 divide 415355?
False
Is 98778 a multiple of 202?
True
Is 578118 a multiple of 13?
False
Does 15 divide 623947?
False
Is 660954 a multiple of 21?
True
Does 172 divide 282252?
True
Is 56 a factor of 117769?
False
Is 215455 a multiple of 48?
False
Is 8931931 a multiple of 1037?
False
Is 977545 a multiple of 193?
True
Is 167813 a multiple of 13?
False
Is 225248 a multiple of 14?
False
Does 698 divide 8577024?
True
Does 229 divide 16075571?
True
Is 662 a factor of 286646?
True
Does 513 divide 696965?
False
Is 18 a factor of 648164?
False
Is 6025834 a multiple of 194?
True
Is 469239 a multiple of 778?
False
Does 21 divide 139881?
True
Does 17 divide 72465?
False
Does 463 divide 10652241?
True
Does 17 divide 7703992?
True
Is 627 a factor of 3652275?
True
Does 335 divide 171520?
True
Does 148 divide 13745944?
True
Does 206 divide 241226?
True
Does 106 divide 464102?
False
Does 363 divide 1531497?
True
Is 6466 a multiple of 8?
False
Does 8 divide 363096?
True
Is 556 a factor of 1060017?
False
Does 648 divide 215136?
True
Is 11 a factor of 239464?
False
Does 19 divide 216020?
False
Is 11 a factor of 60753?
True
Does 129 divide 1977880?
False
Is 574560 a multiple of 560?
True
Is 102 a factor of 9103260?
False
Is 14 a factor of 2077082?
True
Is 228 a factor of 559968?
True
Does 260 divide 265430?
False
Is 194 a factor of 27170?
False
Is 327 a factor of 1488764?
False
Is 2897 a multiple of 2?
False
Is 77185 a multiple of 359?
True
Is 176 a factor of 761150?
False
Is 84435 a multiple of 6?
False
Is 111093 a multiple of 5?
False
Does 772 divide 214616?
True
Does 75 divide 2488027?
False
Does 72 divide 344125?
False
Does 377 divide 164801?
False
Does 2 divide 1970065?
False
Is 1511244 a multiple of 7?
True
Is 536520 a multiple of 263?
True
Is 124439 a multiple of 29?
True
Does 19 divide 93724?
False
Is 298 a factor of 167476?
True
Does 16 divide 56585?
False
Does 408 divide 694951?
False
Does 90 divide 880740?
True
Does 72 divide 491472?
True
Is 963809 a multiple of 77?
True
Is 67 a factor of 260434?
False
Is 13 a factor of 11804?
True
Is 52 a factor of 8164?
True
Is 44 a factor of 67804?
True
Is 127407 a multiple of 17?
False
Does 348 divide 133217?
False
Does 1249 divide 2152027?
True
Does 61 divide 1415810?
True
Does 140 divide 186838?
False
Is 548730 a multiple of 390?
True
Is 8632656 a multiple of 18?
True
Is 434588 a multiple of 34?
True
Is 21 a factor of 493962?
True
Is 49374 a multiple of 9?
True
Is 258628 a multiple of 332?
True
Is 13 a factor of 169416?
True
Is 549540 a multiple of 516?
True
Is 213 a factor of 17679?
True
Is 118421 a multiple of 4?
False
Is 52409 a multiple of 154?
False
Is 1004805 a multiple of 405?
True
Does 182 divide 135226?
True
Is 107 a factor of 302401?
False
Does 151 divide 1365040?
True
Is 26 a factor of 23290?
False
Does 12 divide 6305325?
False
Does 69 divide 214935?
True
Is 14344 a multiple of 88?
True
Is 63 a factor of 1662507?
True
Is 619 a factor of 6370129?
True
Does 33 divide 162383?
False
Is 18 a factor of 103659?
False
Is 33 a factor of 1954425?
True
Is 25 a factor of 39819?
False
Does 60 divide 314704?
False
Is 35 a factor of 197505?
True
Is 4462140 a multiple of 13?
False
Does 10 divide 143550?
True
Is 38 a factor of 154698?
True
Is 11 a factor of 4065732?
True
Is 4919496 a multiple of 4?
True
Does 39 divide 36114?
True
Is 22927579 a multiple of 11?
False
Does 41 divide 340101?
False
Is 176292 a multiple of 332?
True
Is 100 a factor of 1606800?
True
Does 355 divide 8534555?
True
Does 230 divide 105340?
True
Does 396 divide 354024?
True
Does 4 divide 154912?
True
Is 24 a factor of 212488?
False
Does 6 divide 2142330?
True
Does 2097 divide 28825362?
True
Does 107 divide 493287?
False
Is 2038567 a multiple of 322?
False
Does 34 divide 92208?
True
Is 291446 a multiple of 87?
False
Is 20 a factor of 1451160?
True
Is 1764 a multiple of 12?
True
Does 1178 divide 3775490?
True
Is 6 a factor of 42054?
True
Is 17 a factor of 28245?
False
Is 46 a factor of 232807?
False
Does 2 divide 3184378?
True
Is 1987455 a multiple of 158?
False
Is 1311474 a multiple of 39?
False
Is 203 a factor of 2870217?
True
Is 1532225 a multiple of 25?
True
Is 174 a factor of 345912?
True
Is 126240 a multiple of 24?
True
Does 724 divide 5633166?
False
Is 1838035 a multiple of 43?
True
Is 1548365 a multiple of 5?
True
Is 10 a factor of 2818940?
True
Is 7 a factor of 228600?
False
Is 14 a factor of 203610?
False
Is 16 a factor of 360800?
True
Does 7 divide 203168?
True
Is 92 a factor of 1760972?
True
Is 22 a factor of 165902?
True
Is 170184 a multiple of 12?
True
Is 172798 a multiple of 17?
False
Does 105 divide 2996910?
True
Is 20291 a multiple of 10?
False
Is 53 a factor of 881650?
False
Does 88 divide 795589?
False
Does 66 divide 4265052?
True
Is 627 a factor of 5946683?
False
Is 16 a factor of 990879?
False
Is 3223033 a multiple of 121?
False
Is 20 a factor of 5404483?
False
Does 129 divide 714088?
False
Is 23 a factor of 75302?
True
Is 9 a factor of 126922?
False
Is 5 a factor of 11716?
False
Does 52 divide 6773468?
True
Is 1950480 a multiple of 540?
True
Is 2771063 a multiple of 25?
False
Does 613 divide 408228?
False
Does 94 divide 7185454?
True
Is 175399 even?
False
Does 2 divide 39431?
False
Is 65 a factor of 26028275?
True
Is 567840 a multiple of 48?
True
Is 1653742 a multiple of 482?
True
Does 102 divide 105710?
False
Is 6337764 a multiple of 54?
True
Does 204 divide 266016?
True
Is 193057 even?
False
Is 123228 a multiple of 84?
True
Is 2482157 a multiple of 685?
False
Is 15 a factor of 25939459?
False
Does 140 divide 213640?
True
Is 9 a factor of 1463184?
True
Is 73 a factor of 108552?
False
Does 29 divide 2545997?
True
Is 29 a factor of 29818?
False
Does 193 divide 259846?
False
Is 4 a factor of 10284?
True
Does 21 divide 4427700?
False
Is 788657 a multiple of 136?
False
Is 19 a factor of 6364096?
False
Is 2170401 a multiple of 93?
False
Does 14 divide 167832?
True
Is 6 a factor of 419511?
False
Does 314 divide 589837?
False
Is 736 a factor of 880992?
True
Does 32 divide 608?
True
Is 36 a factor of 8028?
True
Does 116 divide 1958056?
False
Is 20 a factor of 14560?
True
Is 20 a factor of 6400?
True
Is 4 a factor of 4919?
False
Does 73 divide 555749?
True
Is 5203947 a multiple of 115?
False
Is 3476 a multiple of 204?
False
Does 18 divide 13757220?
True
Is 9 a factor of 174686?
False
Is 14 a factor of 228226?
False
Is 7769057 a multiple of 822?
False
Is 550952 a multiple of 488?
True
Does 16 divide 100016?
True
Does 73 divide 1869279?
False
Is 443688 a multiple of 1112?
True
Is 17 a factor of 157777?
True
Is 7554423 a multiple of 43?
False
Does 287 divide 23864?
False
Is 272 a factor of 4251904?
True
Is 21291 a multiple of 5?
False
Is 170676 a multiple of 36?
True
Is 604317 a multiple of 73?
False
Is 94257 a multiple of 7?
False
Does 527 divide 1546218?
True
Is 71 a factor of 697149?
True
Is 6 a factor of 79368?
True
Does 12 divide 1828840?
False
Does 318 divide 542996?
False
Is 135 a factor of 650500?
False
D